09 a composite number?
True
Is 1500068317 a composite number?
True
Is 4974501611 prime?
True
Is 14122488943 composite?
True
Is 15658599119 a prime number?
False
Is 75620186585 prime?
False
Is 187335229 prime?
True
Is 20032823 a prime number?
False
Is 28215289681 prime?
False
Is 2396089019 prime?
True
Is 13674416251 a composite number?
True
Is 398491993 a prime number?
True
Is 9158117261 prime?
True
Is 1930820963 a prime number?
True
Is 12736508381 a prime number?
True
Is 718007599 prime?
True
Is 382478267 a prime number?
True
Is 466330103 a prime number?
False
Is 8354436737 composite?
True
Is 915118297 a composite number?
False
Is 369864091 prime?
False
Is 17937089153 prime?
True
Is 11643074177 a prime number?
False
Is 375212657591 a composite number?
False
Is 6808573129 composite?
False
Is 2249344093 a composite number?
True
Is 1201959283 prime?
False
Is 46367553433 a prime number?
False
Is 213785441 prime?
True
Is 383280541 prime?
False
Is 13601028659 prime?
True
Is 116915137 a prime number?
False
Is 394477859 composite?
True
Is 36586710757 prime?
True
Is 2775279959 a prime number?
True
Is 55940557345 prime?
False
Is 12780379711 a prime number?
False
Is 572864983 a composite number?
False
Is 981925799 composite?
False
Is 1389537533 prime?
True
Is 15774146611 a composite number?
False
Is 66930130409 a prime number?
False
Is 5427593909 a prime number?
True
Is 20646596569 composite?
True
Is 5297044237 a composite number?
False
Is 510126971 a prime number?
False
Is 1127022851 a prime number?
True
Is 13080958997 a composite number?
True
Is 331083941 a composite number?
False
Is 28646790059 a composite number?
False
Is 6384440903 prime?
False
Is 961803149 a prime number?
False
Is 13142914601 a prime number?
True
Is 4396161211 a prime number?
False
Is 37838510867 composite?
True
Is 2314844297 a prime number?
False
Is 22767279599 prime?
False
Is 35967611 composite?
True
Is 3222602099 a composite number?
False
Is 3814033 a prime number?
True
Is 23957879819 a prime number?
True
Is 21747414151 composite?
False
Is 7425813077 a composite number?
True
Is 768496647 a composite number?
True
Is 156926206909 a composite number?
True
Is 15346185637 prime?
True
Is 659386417 a prime number?
False
Is 361108483 prime?
True
Is 78963917 a prime number?
False
Is 102679523 a composite number?
False
Is 7341214061 composite?
False
Is 25717847087 a prime number?
True
Is 634054543 a prime number?
False
Is 88521605 a prime number?
False
Is 186416641 a prime number?
False
Is 18839969 prime?
True
Is 4072294517 prime?
False
Is 43322649 a composite number?
True
Is 356728412459 a prime number?
True
Is 1058688707 a composite number?
False
Is 1351403591 a composite number?
True
Is 16022827 prime?
False
Is 1025635657 a composite number?
False
Is 205851299 a composite number?
True
Is 1072659691 prime?
False
Is 471630791 a prime number?
True
Is 1422548727 composite?
True
Is 68983854711 composite?
True
Is 8485332629 composite?
True
Is 105814207 a prime number?
True
Is 499547947 a composite number?
False
Is 835635869 a composite number?
False
Is 5566295149 a composite number?
True
Is 1049252803 composite?
False
Is 52894753 a composite number?
True
Is 166490803 a prime number?
True
Is 1814967101 composite?
False
Is 463071803 a composite number?
False
Is 11757112529 composite?
False
Is 14890925377 composite?
True
Is 290448680551 prime?
False
Is 88828310678 a prime number?
False
Is 851418137 a composite number?
True
Is 25901836777 composite?
False
Is 413934541 a prime number?
False
Is 1783866881 composite?
False
Is 104620573 a composite number?
False
Is 163060349 a composite number?
False
Is 756310663 prime?
True
Is 8069114663 composite?
False
Is 995384657 a composite number?
True
Is 852619777 prime?
False
Is 1551264577 a composite number?
True
Is 1512572717 a prime number?
False
Is 6499909943 a composite number?
False
Is 1662472607 a composite number?
True
Is 30758218427 a composite number?
False
Is 1680710839 composite?
False
Is 988851671 a prime number?
False
Is 14272933979 a prime number?
True
Is 160495469 a composite number?
False
Is 6299123269 prime?
True
Is 106045223 a composite number?
True
Is 1713530957 a prime number?
False
Is 72201463949 a composite number?
False
Is 13524650897 composite?
False
Is 17901179819 a prime number?
True
Is 1342656241 composite?
False
Is 1063378297 prime?
False
Is 66287157721 prime?
False
Is 2182811689 composite?
False
Is 207596169889 composite?
False
Is 91391632469 composite?
True
Is 120440779741 prime?
False
Is 1410463549 a prime number?
False
Is 363965171 a composite number?
True
Is 1677822449 prime?
True
Is 233310479 a prime number?
True
Is 11779193027 a composite number?
True
Is 795502549 composite?
True
Is 2058690899 composite?
False
Is 1848608491 a composite number?
True
Is 283213759 composite?
True
Is 7810688989 a composite number?
False
Is 71621657 composite?
False
Is 761434127 a composite number?
False
Is 824061899 prime?
False
Is 395308501 a prime number?
False
Is 5900974091 a prime number?
False
Is 8477769953 composite?
False
Is 1719672319 prime?
True
Is 3036119473 a composite number?
False
Is 981915641 a prime number?
False
Is 3719959367 a prime number?
True
Is 17433707 a prime number?
False
Is 290772919 composite?
True
Is 896940923 a prime number?
False
Is 13250003159 composite?
False
Is 246904211 a composite number?
False
Is 169165583 prime?
False
Is 149880427 a composite number?
False
Is 296232181 composite?
True
Is 1131123779 composite?
True
Is 9658774241 a composite number?
True
Is 13803215911 a composite number?
True
Is 2985171331 a composite number?
False
Is 7581138503 a composite number?
False
Is 6248495503 a prime number?
False
Is 2479857385 prime?
False
Is 1822922483 prime?
True
Is 4337234507 prime?
True
Is 48655174861 a prime number?
False
Is 9800018257 a composite number?
True
Is 527675527 prime?
False
Is 2579763409 a prime number?
False
Is 319290619 prime?
True
Is 506859869 composite?
False
Is 2954505907 prime?
False
Is 38816300669 composite?
True
Is 2792308843 composite?
False
Is 1888513621 a prime number?
False
Is 340563109 a prime number?
True
Is 757035781 a composite number?
True
Is 32152533163 a composite number?
False
Is 3071437111 a composite number?
True
Is 353961929 a composite number?
False
Is 10007310067 a composite number?
False
Is 1537730809 a composite number?
True
Is 2153564549 a prime number?
True
Is 1017154681 a prime number?
False
Is 5489099333 a composite number?
True
Is 483142637 prime?
True
Is 914538203 prime?
False
Is 5729349245 a prime number?
False
Is 4664644613 composite?
False
Is 37088978393 composite?
False
Is 3230620681 prime?
False
Is 761990123 a prime number?
True
Is 487826503 a composite number?
False
Is 42631413053 prime?
True
Is 1825358311 composite?
True
Is 266134384279 composite?
True
Is 963186689 prime?
True
Is 855727211 a prime number?
True
Is 2795248349 composite?
True
Is 82142120813 composite?
False
Is 23522863313 prime?
True
Is 678809749 a prime number?
False
Is 4783806229 a prime number?
True
Is 102890981 composite?
True
Is 43118523859 prime?
True
Is 1418694613 prime?
False
Is 2309049709 prime?
False
Is 211999409 prime?
True
Is 173780311 a composite number?
True
Is 3331735201 a composite number?
True
Is 15440725315 a prime number?
False
Is 4944809333 a prime number?
True
Is 1165721617 a composite number?
True
Is 54782100307 a prime number?
False
Is 2156800186 a composite number?
True
Is 332698801 composite?
False
Is 4114837621 composite?
True
Is 11591010481 a prime number?
True
Is 41932027 a prime number?
False
Is 33792978997 a composite number?
True
Is 8603097881 prime?
False
Is 999614677 prime?
False
Is 14813951 a composite number?
False
Is 135372918307 composite?
True
Is 11082322213 a prime number?
True
Is 2100043483 composite?
False
Is 308854913 composite?
True
Is 332002387 prime?
False
Is 3695854933 a composite number?
False
Is 1815499559 a prime number?
True
Is 72606710433 a prime number?
False
Is 2686210337 a composite number?
False
Is 383363303 composite?
True
Is 42446145047 a prime number?
True
Is 263940739 composite?
True
Is 285921931 prime?
False
Is 63546311051 a composite number?
True
Is 29279839 a prime number?
False
Is 5543374985 a composite number?
True
Is 231430073